{"version":"1.0","provider_name":"CranioSacral Therapie Anita Durscher","provider_url":"http:\/\/anitadurscher.ch\/wp","author_name":"anitadurscher.ch","author_url":"http:\/\/anitadurscher.ch\/wp\/author\/anitadurscher-ch\/","title":"Die Funktion der H\u00e4nde in der biodynamischen CST &#8212; CranioSacral Therapie Anita Durscher","type":"rich","width":600,"height":338,"html":"<blockquote class=\"wp-embedded-content\" data-secret=\"EVad04Pw0Z\"><a href=\"http:\/\/anitadurscher.ch\/wp\/die-funktion-der-haende-in-der-biodynamischen-cst\/\">Die Funktion der H\u00e4nde in der biodynamischen CST<\/a><\/blockquote><iframe sandbox=\"allow-scripts\" security=\"restricted\" src=\"http:\/\/anitadurscher.ch\/wp\/die-funktion-der-haende-in-der-biodynamischen-cst\/embed\/#?secret=EVad04Pw0Z\" width=\"600\" height=\"338\" title=\"&#8222;Die Funktion der H\u00e4nde in der biodynamischen CST&#8220; &#8211; CranioSacral Therapie Anita Durscher\" data-secret=\"EVad04Pw0Z\" frameborder=\"0\" marginwidth=\"0\" marginheight=\"0\" scrolling=\"no\" class=\"wp-embedded-content\"><\/iframe><script>\n\/*! This file is auto-generated *\/\n!function(d,l){\"use strict\";l.querySelector&&d.addEventListener&&\"undefined\"!=typeof URL&&(d.wp=d.wp||{},d.wp.receiveEmbedMessage||(d.wp.receiveEmbedMessage=function(e){var t=e.data;if((t||t.secret||t.message||t.value)&&!\/[^a-zA-Z0-9]\/.test(t.secret)){for(var s,r,n,a=l.querySelectorAll('iframe[data-secret=\"'+t.secret+'\"]'),o=l.querySelectorAll('blockquote[data-secret=\"'+t.secret+'\"]'),c=new RegExp(\"^https?:$\",\"i\"),i=0;i<o.length;i++)o[i].style.display=\"none\";for(i=0;i<a.length;i++)s=a[i],e.source===s.contentWindow&&(s.removeAttribute(\"style\"),\"height\"===t.message?(1e3<(r=parseInt(t.value,10))?r=1e3:~~r<200&&(r=200),s.height=r):\"link\"===t.message&&(r=new URL(s.getAttribute(\"src\")),n=new URL(t.value),c.test(n.protocol))&&n.host===r.host&&l.activeElement===s&&(d.top.location.href=t.value))}},d.addEventListener(\"message\",d.wp.receiveEmbedMessage,!1),l.addEventListener(\"DOMContentLoaded\",function(){for(var e,t,s=l.querySelectorAll(\"iframe.wp-embedded-content\"),r=0;r<s.length;r++)(t=(e=s[r]).getAttribute(\"data-secret\"))||(t=Math.random().toString(36).substring(2,12),e.src+=\"#?secret=\"+t,e.setAttribute(\"data-secret\",t)),e.contentWindow.postMessage({message:\"ready\",secret:t},\"*\")},!1)))}(window,document);\n<\/script>\n","description":"Beim St\u00f6bern im Netz bin auch auf einen sch\u00f6nen Beitrag von Wolfang R\u00fchle gestossen, den ich gerne mit Ihnen teilen m\u00f6chte. Die Art, wie wir unsere H\u00e4nde benutzen ist gesellschaftlich und kulturell gepr\u00e4gt. Die Worte \u201eHand\u201c und \u201eHandlung\u201c sind auch sprachlich aufs engste verkn\u00fcpft. Unsere H\u00e4nde sind vor allem da, um zu handeln. Unser Gehirn &hellip; \u201e\u201c weiterlesen"}

Die Funktion der Hände in der biodynamischen CST &#8212; CranioSacral Therapie Anita Durscher

<blockquote class="wp-embedded-content" data-secret="EVad04Pw0Z"><a href="http://anitadurscher.ch/wp/die-funktion-der-haende-in-der-biodynamischen-cst/">Die Funktion der Hände in der biodynamischen CST</a></blockquote><iframe sandbox="allow-scripts" security="restricted" src="http://anitadurscher.ch/wp/die-funktion-der-haende-in-der-biodynamischen-cst/embed/#?secret=EVad04Pw0Z" width="600" height="338" title="&#8222;Die Funktion der Hände in der biodynamischen CST&#8220; &#8211; CranioSacral Therapie Anita Durscher" data-secret="EVad04Pw0Z" frameborder="0" marginwidth="0" marginheight="0" scrolling="no" class="wp-embedded-content"></iframe><script>
/*! This file is auto-generated */
!function(d,l){"use strict";l.querySelector&&d.addEventListener&&"undefined"!=typeof URL&&(d.wp=d.wp||{},d.wp.receiveEmbedMessage||(d.wp.receiveEmbedMessage=function(e){var t=e.data;if((t||t.secret||t.message||t.value)&&!/[^a-zA-Z0-9]/.test(t.secret)){for(var s,r,n,a=l.querySelectorAll('iframe[data-secret="'+t.secret+'"]'),o=l.querySelectorAll('blockquote[data-secret="'+t.secret+'"]'),c=new RegExp("^https?:$","i"),i=0;i<o.length;i++)o[i].style.display="none";for(i=0;i<a.length;i++)s=a[i],e.source===s.contentWindow&&(s.removeAttribute("style"),"height"===t.message?(1e3<(r=parseInt(t.value,10))?r=1e3:~~r<200&&(r=200),s.height=r):"link"===t.message&&(r=new URL(s.getAttribute("src")),n=new URL(t.value),c.test(n.protocol))&&n.host===r.host&&l.activeElement===s&&(d.top.location.href=t.value))}},d.addEventListener("message",d.wp.receiveEmbedMessage,!1),l.addEventListener("DOMContentLoaded",function(){for(var e,t,s=l.querySelectorAll("iframe.wp-embedded-content"),r=0;r<s.length;r++)(t=(e=s[r]).getAttribute("data-secret"))||(t=Math.random().toString(36).substring(2,12),e.src+="#?secret="+t,e.setAttribute("data-secret",t)),e.contentWindow.postMessage({message:"ready",secret:t},"*")},!1)))}(window,document);
</script>

Beim Stöbern im Netz bin auch auf einen schönen Beitrag von Wolfang Rühle gestossen, den ich gerne mit Ihnen teilen möchte. Die Art, wie wir unsere Hände benutzen ist gesellschaftlich und kulturell geprägt. Die Worte „Hand“ und „Handlung“ sind auch sprachlich aufs engste verknüpft. Unsere Hände sind vor allem da, um zu handeln. Unser Gehirn &hellip; „“ weiterlesen
